{"id":2,"date":"2019-08-28T10:12:33","date_gmt":"2019-08-28T10:12:33","guid":{"rendered":"http:\/\/sites2.org.aalto.fi\/ets-symposium\/?page_id=2"},"modified":"2021-05-19T16:48:07","modified_gmt":"2021-05-19T14:48:07","slug":"sample-page","status":"publish","type":"page","link":"https:\/\/podcast.aalto.fi\/the-best-thing-today\/","title":{"rendered":"The Best Thing Today. A Psychology podcast from Aalto University."},"content":{"rendered":"\n<script>window.location.href = \"https:\/\/www.aalto.fi\/en\/podcasts\/the-best-thing-today-podcasts\"<\/script>\n\n\n\n<p>The Best Thing Today is a podcast series by Aalto study, career and advanced study psychologists. With their guests they discuss issues like remote working, social distancing, the effects of the Covid pandemic on studies, and much more. They also give advice for the everyday life in Aalto. The Best Thing Today is \u2013 naturally \u2013 in English, and the podcast\u2019s counterpart in Finnish is called <a rel=\"noreferrer noopener\" href=\"https:\/\/www.aalto.fi\/fi\/podcastit\/paras-hetki-paivassa-podcastit\" target=\"_blank\">Paras hetki p\u00e4iv\u00e4ss\u00e4<\/a>.\u00a0The audio columns in the series are based on the blog <a rel=\"noreferrer noopener\" href=\"https:\/\/www.mariatornroos.fi\/\" target=\"_blank\">PhD Pathfinder by Maria T\u00f6rnroos.<\/a><\/p>\n","protected":false},"excerpt":{"rendered":"<p>The Best Thing Today is a podcast series by Aalto study, career and advanced study psychologists. With their guests they discuss issues like remote working, social distancing, the effects of the Covid pandemic on studies, and much more. They also give advice for the everyday life in Aalto. The Best Thing Today is \u2013 naturally &hellip; <\/p>\n<p class=\"link-more\"><a href=\"https:\/\/podcast.aalto.fi\/the-best-thing-today\/\" class=\"more-link\">Continue reading<span class=\"screen-reader-text\"> &#8220;The Best Thing Today. A Psychology podcast from Aalto University.&#8221;<\/span><\/a><\/p>\n","protected":false},"author":2,"featured_media":131,"parent":0,"menu_order":0,"comment_status":"closed","ping_status":"open","template":"","meta":{"episode_type":"","audio_file":"","cover_image":"","cover_image_id":"","duration":"","filesize":"","date_recorded":"","explicit":"","block":"","filesize_raw":"","footnotes":""},"class_list":["post-2","page","type-page","status-publish","has-post-thumbnail","hentry"],"_links":{"self":[{"href":"https:\/\/podcast.aalto.fi\/the-best-thing-today\/wp-json\/wp\/v2\/pages\/2","targetHints":{"allow":["GET"]}}],"collection":[{"href":"https:\/\/podcast.aalto.fi\/the-best-thing-today\/wp-json\/wp\/v2\/pages"}],"about":[{"href":"https:\/\/podcast.aalto.fi\/the-best-thing-today\/wp-json\/wp\/v2\/types\/page"}],"author":[{"embeddable":true,"href":"https:\/\/podcast.aalto.fi\/the-best-thing-today\/wp-json\/wp\/v2\/users\/2"}],"replies":[{"embeddable":true,"href":"https:\/\/podcast.aalto.fi\/the-best-thing-today\/wp-json\/wp\/v2\/comments?post=2"}],"version-history":[{"count":13,"href":"https:\/\/podcast.aalto.fi\/the-best-thing-today\/wp-json\/wp\/v2\/pages\/2\/revisions"}],"predecessor-version":[{"id":142,"href":"https:\/\/podcast.aalto.fi\/the-best-thing-today\/wp-json\/wp\/v2\/pages\/2\/revisions\/142"}],"wp:featuredmedia":[{"embeddable":true,"href":"https:\/\/podcast.aalto.fi\/the-best-thing-today\/wp-json\/wp\/v2\/media\/131"}],"wp:attachment":[{"href":"https:\/\/podcast.aalto.fi\/the-best-thing-today\/wp-json\/wp\/v2\/media?parent=2"}],"curies":[{"name":"wp","href":"https:\/\/api.w.org\/{rel}","templated":true}]}}